{"id":596,"date":"2022-05-21T15:40:53","date_gmt":"2022-05-21T15:40:53","guid":{"rendered":"https:\/\/ducttrench.com\/?page_id=596"},"modified":"2022-05-23T13:04:49","modified_gmt":"2022-05-23T13:04:49","slug":"electrofan-3","status":"publish","type":"page","link":"https:\/\/ducttrench.com\/index.php\/fr\/trench-heating-produit-et-options\/options-2\/electrofan-3\/","title":{"rendered":"Electrofan"},"content":{"rendered":"\n<p>Les unit\u00e9s \u00e9lectriques assist\u00e9es par ventilateur (ELECTROFAN) qui remplacent la banque d&#8217;\u00e9l\u00e9ments \u00e0 ailettes LPHW par des \u00e9l\u00e9ments \u00e9lectriques pour augmenter la production de chaleur.<\/p>\n\n\n\n<p>Ces solutions de chauffage par le sol sont particuli\u00e8rement utiles pour combattre les courants descendants et la condensation dans les zones vitr\u00e9es telles que les v\u00e9randas, les portes pliantes et les murs-rideaux. En raison du haut niveau de production de chaleur qu&#8217;ils permettent d&#8217;atteindre, ils peuvent \u00e9galement \u00eatre utilis\u00e9s comme source de chaleur primaire. La maximisation de l&#8217;espace mural qui en r\u00e9sulte permet \u00e9galement d&#8217;augmenter l&#8217;espace au sol utilisable.<\/p>\n\n\n\n<p>La diversit\u00e9 de finitions <a href=\"https:\/\/ducttrench.com\/index.php\/fr\/trench-heating-produit-et-options\/options-2\/grilles-et-angles\/\">grille et angle<\/a> permet \u00e0 nos unit\u00e9s de s&#8217;int\u00e9grer esth\u00e9tiquement \u00e0 la vaste gamme de finitions disponibles dans la d\u00e9coration int\u00e9rieure.<\/p>\n\n\n\n<p>Nos unit\u00e9s sont de haute qualit\u00e9 et fournissent une solution de chauffage tr\u00e8s efficace.<\/p>\n\n\n\n<figure class=\"wp-block-image size-large\"><img loading=\"lazy\" decoding=\"async\" width=\"1024\" height=\"517\" src=\"https:\/\/ducttrench.com\/wp-content\/uploads\/2022\/05\/Capture-de\u0301cran-2022-05-21-a\u0300-17.39.24-1024x517.png\" alt=\"\" class=\"wp-image-597\" srcset=\"https:\/\/ducttrench.com\/wp-content\/uploads\/2022\/05\/Capture-de\u0301cran-2022-05-21-a\u0300-17.39.24-1024x517.png 1024w, https:\/\/ducttrench.com\/wp-content\/uploads\/2022\/05\/Capture-de\u0301cran-2022-05-21-a\u0300-17.39.24-300x151.png 300w, https:\/\/ducttrench.com\/wp-content\/uploads\/2022\/05\/Capture-de\u0301cran-2022-05-21-a\u0300-17.39.24-768x388.png 768w, https:\/\/ducttrench.com\/wp-content\/uploads\/2022\/05\/Capture-de\u0301cran-2022-05-21-a\u0300-17.39.24-1536x775.png 1536w, https:\/\/ducttrench.com\/wp-content\/uploads\/2022\/05\/Capture-de\u0301cran-2022-05-21-a\u0300-17.39.24-2048x1034.png 2048w\" sizes=\"auto, (max-width: 1024px) 100vw, 1024px\" \/><\/figure>\n","protected":false},"excerpt":{"rendered":"<p>Les unit\u00e9s \u00e9lectriques assist\u00e9es par ventilateur (ELECTROFAN) qui remplacent la banque d&#8217;\u00e9l\u00e9ments \u00e0 ailettes LPHW par des \u00e9l\u00e9ments \u00e9lectriques pour<\/p>\n<p><span class=\"more-link\"><a href=\"https:\/\/ducttrench.com\/index.php\/fr\/trench-heating-produit-et-options\/options-2\/electrofan-3\/\" class=\"readmore\">Continue reading<span class=\"screen-reader-text\">Electrofan<\/span><\/a><\/span><\/p>\n","protected":false},"author":1,"featured_media":0,"parent":649,"menu_order":2,"comment_status":"closed","ping_status":"closed","template":"","meta":{"om_disable_all_campaigns":false,"_monsterinsights_skip_tracking":false,"_monsterinsights_sitenote_active":false,"_monsterinsights_sitenote_note":"","_monsterinsights_sitenote_category":0,"footnotes":""},"class_list":["post-596","page","type-page","status-publish","hentry"],"yoast_head":"<!-- This site is optimized with the Yoast SEO plugin v18.9 - https:\/\/yoast.com\/wordpress\/plugins\/seo\/ -->\n<title>Electrofan - Duct Engineering Ltd.<\/title>\n<meta name=\"description\" content=\"Electrofan: Fan assisted Electric units which replace the LPHW finned element bank with electric elements to increase heat output.\" \/>\n<meta name=\"robots\" content=\"index, follow, max-snippet:-1, max-image-preview:large, max-video-preview:-1\" \/>\n<link rel=\"canonical\" href=\"https:\/\/ducttrench.com\/index.php\/fr\/trench-heating-produit-et-options\/options-2\/electrofan-3\/\" \/>\n<meta property=\"og:locale\" content=\"en_US\" \/>\n<meta property=\"og:type\" content=\"article\" \/>\n<meta property=\"og:title\" content=\"Electrofan - Duct Engineering Ltd.\" \/>\n<meta property=\"og:description\" content=\"Electrofan: Fan assisted Electric units which replace the LPHW finned element bank with electric elements to increase heat output.\" \/>\n<meta property=\"og:url\" content=\"https:\/\/ducttrench.com\/index.php\/fr\/trench-heating-produit-et-options\/options-2\/electrofan-3\/\" \/>\n<meta property=\"og:site_name\" content=\"Duct Engineering Ltd.\" \/>\n<meta property=\"article:modified_time\" content=\"2022-05-23T13:04:49+00:00\" \/>\n<meta name=\"twitter:card\" content=\"summary_large_image\" \/>\n<meta name=\"twitter:label1\" content=\"Est. reading time\" \/>\n\t<meta name=\"twitter:data1\" content=\"1 minute\" \/>\n<script type=\"application\/ld+json\" class=\"yoast-schema-graph\">{\"@context\":\"https:\/\/schema.org\",\"@graph\":[{\"@type\":\"WebSite\",\"@id\":\"https:\/\/ducttrench.com\/#website\",\"url\":\"https:\/\/ducttrench.com\/\",\"name\":\"Duct Engineering Ltd.\",\"description\":\"Trench Heating\",\"potentialAction\":[{\"@type\":\"SearchAction\",\"target\":{\"@type\":\"EntryPoint\",\"urlTemplate\":\"https:\/\/ducttrench.com\/?s={search_term_string}\"},\"query-input\":\"required name=search_term_string\"}],\"inLanguage\":\"en-US\"},{\"@type\":\"WebPage\",\"@id\":\"https:\/\/ducttrench.com\/index.php\/fr\/trench-heating-produit-et-options\/options-2\/electrofan-3\/#webpage\",\"url\":\"https:\/\/ducttrench.com\/index.php\/fr\/trench-heating-produit-et-options\/options-2\/electrofan-3\/\",\"name\":\"Electrofan - Duct Engineering Ltd.\",\"isPartOf\":{\"@id\":\"https:\/\/ducttrench.com\/#website\"},\"datePublished\":\"2022-05-21T15:40:53+00:00\",\"dateModified\":\"2022-05-23T13:04:49+00:00\",\"description\":\"Electrofan: Fan assisted Electric units which replace the LPHW finned element bank with electric elements to increase heat output.\",\"breadcrumb\":{\"@id\":\"https:\/\/ducttrench.com\/index.php\/fr\/trench-heating-produit-et-options\/options-2\/electrofan-3\/#breadcrumb\"},\"inLanguage\":\"en-US\",\"potentialAction\":[{\"@type\":\"ReadAction\",\"target\":[\"https:\/\/ducttrench.com\/index.php\/fr\/trench-heating-produit-et-options\/options-2\/electrofan-3\/\"]}]},{\"@type\":\"BreadcrumbList\",\"@id\":\"https:\/\/ducttrench.com\/index.php\/fr\/trench-heating-produit-et-options\/options-2\/electrofan-3\/#breadcrumb\",\"itemListElement\":[{\"@type\":\"ListItem\",\"position\":1,\"name\":\"Home\",\"item\":\"https:\/\/ducttrench.com\/\"},{\"@type\":\"ListItem\",\"position\":2,\"name\":\"Produits et options\",\"item\":\"https:\/\/ducttrench.com\/index.php\/fr\/trench-heating-produit-et-options\/\"},{\"@type\":\"ListItem\",\"position\":3,\"name\":\"Options\",\"item\":\"https:\/\/ducttrench.com\/index.php\/fr\/trench-heating-produit-et-options\/options-2\/\"},{\"@type\":\"ListItem\",\"position\":4,\"name\":\"Electrofan\"}]}]}<\/script>\n<!-- \/ Yoast SEO plugin. -->","yoast_head_json":{"title":"Electrofan - Duct Engineering Ltd.","description":"Electrofan: Fan assisted Electric units which replace the LPHW finned element bank with electric elements to increase heat output.","robots":{"index":"index","follow":"follow","max-snippet":"max-snippet:-1","max-image-preview":"max-image-preview:large","max-video-preview":"max-video-preview:-1"},"canonical":"https:\/\/ducttrench.com\/index.php\/fr\/trench-heating-produit-et-options\/options-2\/electrofan-3\/","og_locale":"en_US","og_type":"article","og_title":"Electrofan - Duct Engineering Ltd.","og_description":"Electrofan: Fan assisted Electric units which replace the LPHW finned element bank with electric elements to increase heat output.","og_url":"https:\/\/ducttrench.com\/index.php\/fr\/trench-heating-produit-et-options\/options-2\/electrofan-3\/","og_site_name":"Duct Engineering Ltd.","article_modified_time":"2022-05-23T13:04:49+00:00","twitter_card":"summary_large_image","twitter_misc":{"Est. reading time":"1 minute"},"schema":{"@context":"https:\/\/schema.org","@graph":[{"@type":"WebSite","@id":"https:\/\/ducttrench.com\/#website","url":"https:\/\/ducttrench.com\/","name":"Duct Engineering Ltd.","description":"Trench Heating","potentialAction":[{"@type":"SearchAction","target":{"@type":"EntryPoint","urlTemplate":"https:\/\/ducttrench.com\/?s={search_term_string}"},"query-input":"required name=search_term_string"}],"inLanguage":"en-US"},{"@type":"WebPage","@id":"https:\/\/ducttrench.com\/index.php\/fr\/trench-heating-produit-et-options\/options-2\/electrofan-3\/#webpage","url":"https:\/\/ducttrench.com\/index.php\/fr\/trench-heating-produit-et-options\/options-2\/electrofan-3\/","name":"Electrofan - Duct Engineering Ltd.","isPartOf":{"@id":"https:\/\/ducttrench.com\/#website"},"datePublished":"2022-05-21T15:40:53+00:00","dateModified":"2022-05-23T13:04:49+00:00","description":"Electrofan: Fan assisted Electric units which replace the LPHW finned element bank with electric elements to increase heat output.","breadcrumb":{"@id":"https:\/\/ducttrench.com\/index.php\/fr\/trench-heating-produit-et-options\/options-2\/electrofan-3\/#breadcrumb"},"inLanguage":"en-US","potentialAction":[{"@type":"ReadAction","target":["https:\/\/ducttrench.com\/index.php\/fr\/trench-heating-produit-et-options\/options-2\/electrofan-3\/"]}]},{"@type":"BreadcrumbList","@id":"https:\/\/ducttrench.com\/index.php\/fr\/trench-heating-produit-et-options\/options-2\/electrofan-3\/#breadcrumb","itemListElement":[{"@type":"ListItem","position":1,"name":"Home","item":"https:\/\/ducttrench.com\/"},{"@type":"ListItem","position":2,"name":"Produits et options","item":"https:\/\/ducttrench.com\/index.php\/fr\/trench-heating-produit-et-options\/"},{"@type":"ListItem","position":3,"name":"Options","item":"https:\/\/ducttrench.com\/index.php\/fr\/trench-heating-produit-et-options\/options-2\/"},{"@type":"ListItem","position":4,"name":"Electrofan"}]}]}},"_links":{"self":[{"href":"https:\/\/ducttrench.com\/index.php\/wp-json\/wp\/v2\/pages\/596","targetHints":{"allow":["GET"]}}],"collection":[{"href":"https:\/\/ducttrench.com\/index.php\/wp-json\/wp\/v2\/pages"}],"about":[{"href":"https:\/\/ducttrench.com\/index.php\/wp-json\/wp\/v2\/types\/page"}],"author":[{"embeddable":true,"href":"https:\/\/ducttrench.com\/index.php\/wp-json\/wp\/v2\/users\/1"}],"replies":[{"embeddable":true,"href":"https:\/\/ducttrench.com\/index.php\/wp-json\/wp\/v2\/comments?post=596"}],"version-history":[{"count":2,"href":"https:\/\/ducttrench.com\/index.php\/wp-json\/wp\/v2\/pages\/596\/revisions"}],"predecessor-version":[{"id":871,"href":"https:\/\/ducttrench.com\/index.php\/wp-json\/wp\/v2\/pages\/596\/revisions\/871"}],"up":[{"embeddable":true,"href":"https:\/\/ducttrench.com\/index.php\/wp-json\/wp\/v2\/pages\/649"}],"wp:attachment":[{"href":"https:\/\/ducttrench.com\/index.php\/wp-json\/wp\/v2\/media?parent=596"}],"curies":[{"name":"wp","href":"https:\/\/api.w.org\/{rel}","templated":true}]}}