{"id":695,"date":"2022-05-22T13:45:20","date_gmt":"2022-05-22T13:45:20","guid":{"rendered":"https:\/\/ducttrench.com\/?page_id=695"},"modified":"2022-05-22T13:45:21","modified_gmt":"2022-05-22T13:45:21","slug":"aquafan-espanol","status":"publish","type":"page","link":"https:\/\/ducttrench.com\/index.php\/es\/productos-y-opciones\/opciones\/aquafan-espanol\/","title":{"rendered":"Aquafan"},"content":{"rendered":"\n<p>Las unidades LPHW ayudan a los ventiladores (AQUAFAN), que hacen pasar el aire por encima de los bancos de elementos aleteados, lo que proporciona una mayor producci\u00f3n de calor y un mayor flujo de aire.<\/p>\n\n\n\n<p>Estas soluciones de calefacci\u00f3n por suelo radiante son \u00fatiles para combatir la condensaci\u00f3n en zonas acristaladas como invernaderos, puertas plegables y muros cortina. Debido al alto nivel de producci\u00f3n de calor que se puede alcanzar, tambi\u00e9n pueden utilizarse como fuente primaria de calor. La maximizaci\u00f3n resultante del espacio de la pared tambi\u00e9n permite aumentar la superficie \u00fatil.<\/p>\n\n\n\n<p>La variada selecci\u00f3n de acabados de rejillas y \u00e1ngulos permite que nuestras unidades se adapten est\u00e9ticamente a la amplia gama de acabados disponibles en el dise\u00f1o de interiores.<\/p>\n\n\n\n<p>Las calderas de agua caliente, los sistemas de agua caliente solar y las bombas de calor de fuente terrestre pueden alimentar las unidades. Hay que tener en cuenta que la producci\u00f3n de calor para LPHW y AQUAFAN depende de las temperaturas de flujo\/retorno de la fuente de agua.<\/p>\n\n\n\n<p>Nuestras unidades son de alta calidad y proporcionan una soluci\u00f3n de calefacci\u00f3n muy eficiente.<\/p>\n\n\n\n<h5 class=\"wp-block-heading\">Ofrecemos dos modelos de AQUAFAN:<\/h5>\n\n\n\n<h5 class=\"wp-block-heading\">AQUAFAN 1<\/h5>\n\n\n\n<div class=\"wp-block-image\"><figure class=\"aligncenter size-large is-resized\"><img loading=\"lazy\" decoding=\"async\" src=\"http:\/\/ducttrench.com\/wp-content\/uploads\/2022\/05\/Capture-de\u0301cran-2022-05-21-a\u0300-17.42.00-1024x663.png\" alt=\"\" class=\"wp-image-600\" width=\"682\" height=\"441\" srcset=\"https:\/\/ducttrench.com\/wp-content\/uploads\/2022\/05\/Capture-de\u0301cran-2022-05-21-a\u0300-17.42.00-1024x663.png 1024w, https:\/\/ducttrench.com\/wp-content\/uploads\/2022\/05\/Capture-de\u0301cran-2022-05-21-a\u0300-17.42.00-300x194.png 300w, https:\/\/ducttrench.com\/wp-content\/uploads\/2022\/05\/Capture-de\u0301cran-2022-05-21-a\u0300-17.42.00-768x498.png 768w, https:\/\/ducttrench.com\/wp-content\/uploads\/2022\/05\/Capture-de\u0301cran-2022-05-21-a\u0300-17.42.00-1536x995.png 1536w, https:\/\/ducttrench.com\/wp-content\/uploads\/2022\/05\/Capture-de\u0301cran-2022-05-21-a\u0300-17.42.00.png 1948w\" sizes=\"auto, (max-width: 682px) 100vw, 682px\" \/><\/figure><\/div>\n\n\n\n<h5 class=\"wp-block-heading\">AQUAFAN 2<\/h5>\n\n\n\n<div class=\"wp-block-image\"><figure class=\"aligncenter size-large is-resized\"><img loading=\"lazy\" decoding=\"async\" src=\"http:\/\/ducttrench.com\/wp-content\/uploads\/2022\/05\/Capture-de\u0301cran-2022-05-21-a\u0300-17.42.38-1024x602.png\" alt=\"\" class=\"wp-image-601\" width=\"697\" height=\"409\" srcset=\"https:\/\/ducttrench.com\/wp-content\/uploads\/2022\/05\/Capture-de\u0301cran-2022-05-21-a\u0300-17.42.38-1024x602.png 1024w, https:\/\/ducttrench.com\/wp-content\/uploads\/2022\/05\/Capture-de\u0301cran-2022-05-21-a\u0300-17.42.38-300x176.png 300w, https:\/\/ducttrench.com\/wp-content\/uploads\/2022\/05\/Capture-de\u0301cran-2022-05-21-a\u0300-17.42.38-768x451.png 768w, https:\/\/ducttrench.com\/wp-content\/uploads\/2022\/05\/Capture-de\u0301cran-2022-05-21-a\u0300-17.42.38-1536x903.png 1536w, https:\/\/ducttrench.com\/wp-content\/uploads\/2022\/05\/Capture-de\u0301cran-2022-05-21-a\u0300-17.42.38-2048x1203.png 2048w\" sizes=\"auto, (max-width: 697px) 100vw, 697px\" \/><\/figure><\/div>\n","protected":false},"excerpt":{"rendered":"<p>Las unidades LPHW ayudan a los ventiladores (AQUAFAN), que hacen pasar el aire por encima de los bancos de elementos<\/p>\n<p><span class=\"more-link\"><a href=\"https:\/\/ducttrench.com\/index.php\/es\/productos-y-opciones\/opciones\/aquafan-espanol\/\" class=\"readmore\">Continue reading<span class=\"screen-reader-text\">Aquafan<\/span><\/a><\/span><\/p>\n","protected":false},"author":1,"featured_media":0,"parent":692,"menu_order":1,"comment_status":"closed","ping_status":"closed","template":"","meta":{"om_disable_all_campaigns":false,"_monsterinsights_skip_tracking":false,"_monsterinsights_sitenote_active":false,"_monsterinsights_sitenote_note":"","_monsterinsights_sitenote_category":0,"footnotes":""},"class_list":["post-695","page","type-page","status-publish","hentry"],"yoast_head":"<!-- This site is optimized with the Yoast SEO plugin v18.9 - https:\/\/yoast.com\/wordpress\/plugins\/seo\/ -->\n<title>Aquafan - Duct Engineering Ltd.<\/title>\n<meta name=\"description\" content=\"Unidades LPHW asistidas por ventilador (AQUAFAN) que hacen pasar el aire por encima de los bancos de elementos aleteados, lo que proporciona una mayor producci\u00f3n de calor y un mayor flujo de aire.\" \/>\n<meta name=\"robots\" content=\"index, follow, max-snippet:-1, max-image-preview:large, max-video-preview:-1\" \/>\n<link rel=\"canonical\" href=\"https:\/\/ducttrench.com\/index.php\/es\/productos-y-opciones\/opciones\/aquafan-espanol\/\" \/>\n<meta property=\"og:locale\" content=\"en_US\" \/>\n<meta property=\"og:type\" content=\"article\" \/>\n<meta property=\"og:title\" content=\"Aquafan - Duct Engineering Ltd.\" \/>\n<meta property=\"og:description\" content=\"Unidades LPHW asistidas por ventilador (AQUAFAN) que hacen pasar el aire por encima de los bancos de elementos aleteados, lo que proporciona una mayor producci\u00f3n de calor y un mayor flujo de aire.\" \/>\n<meta property=\"og:url\" content=\"https:\/\/ducttrench.com\/index.php\/es\/productos-y-opciones\/opciones\/aquafan-espanol\/\" \/>\n<meta property=\"og:site_name\" content=\"Duct Engineering Ltd.\" \/>\n<meta property=\"article:modified_time\" content=\"2022-05-22T13:45:21+00:00\" \/>\n<meta name=\"twitter:card\" content=\"summary_large_image\" \/>\n<meta name=\"twitter:label1\" content=\"Est. reading time\" \/>\n\t<meta name=\"twitter:data1\" content=\"2 minutes\" \/>\n<script type=\"application\/ld+json\" class=\"yoast-schema-graph\">{\"@context\":\"https:\/\/schema.org\",\"@graph\":[{\"@type\":\"WebSite\",\"@id\":\"https:\/\/ducttrench.com\/#website\",\"url\":\"https:\/\/ducttrench.com\/\",\"name\":\"Duct Engineering Ltd.\",\"description\":\"Trench Heating\",\"potentialAction\":[{\"@type\":\"SearchAction\",\"target\":{\"@type\":\"EntryPoint\",\"urlTemplate\":\"https:\/\/ducttrench.com\/?s={search_term_string}\"},\"query-input\":\"required name=search_term_string\"}],\"inLanguage\":\"en-US\"},{\"@type\":\"WebPage\",\"@id\":\"https:\/\/ducttrench.com\/index.php\/es\/productos-y-opciones\/opciones\/aquafan-espanol\/#webpage\",\"url\":\"https:\/\/ducttrench.com\/index.php\/es\/productos-y-opciones\/opciones\/aquafan-espanol\/\",\"name\":\"Aquafan - Duct Engineering Ltd.\",\"isPartOf\":{\"@id\":\"https:\/\/ducttrench.com\/#website\"},\"datePublished\":\"2022-05-22T13:45:20+00:00\",\"dateModified\":\"2022-05-22T13:45:21+00:00\",\"description\":\"Unidades LPHW asistidas por ventilador (AQUAFAN) que hacen pasar el aire por encima de los bancos de elementos aleteados, lo que proporciona una mayor producci\u00f3n de calor y un mayor flujo de aire.\",\"breadcrumb\":{\"@id\":\"https:\/\/ducttrench.com\/index.php\/es\/productos-y-opciones\/opciones\/aquafan-espanol\/#breadcrumb\"},\"inLanguage\":\"en-US\",\"potentialAction\":[{\"@type\":\"ReadAction\",\"target\":[\"https:\/\/ducttrench.com\/index.php\/es\/productos-y-opciones\/opciones\/aquafan-espanol\/\"]}]},{\"@type\":\"BreadcrumbList\",\"@id\":\"https:\/\/ducttrench.com\/index.php\/es\/productos-y-opciones\/opciones\/aquafan-espanol\/#breadcrumb\",\"itemListElement\":[{\"@type\":\"ListItem\",\"position\":1,\"name\":\"Home\",\"item\":\"https:\/\/ducttrench.com\/\"},{\"@type\":\"ListItem\",\"position\":2,\"name\":\"Productos y opciones\",\"item\":\"https:\/\/ducttrench.com\/index.php\/es\/productos-y-opciones\/\"},{\"@type\":\"ListItem\",\"position\":3,\"name\":\"Opciones\",\"item\":\"https:\/\/ducttrench.com\/index.php\/es\/productos-y-opciones\/opciones\/\"},{\"@type\":\"ListItem\",\"position\":4,\"name\":\"Aquafan\"}]}]}<\/script>\n<!-- \/ Yoast SEO plugin. -->","yoast_head_json":{"title":"Aquafan - Duct Engineering Ltd.","description":"Unidades LPHW asistidas por ventilador (AQUAFAN) que hacen pasar el aire por encima de los bancos de elementos aleteados, lo que proporciona una mayor producci\u00f3n de calor y un mayor flujo de aire.","robots":{"index":"index","follow":"follow","max-snippet":"max-snippet:-1","max-image-preview":"max-image-preview:large","max-video-preview":"max-video-preview:-1"},"canonical":"https:\/\/ducttrench.com\/index.php\/es\/productos-y-opciones\/opciones\/aquafan-espanol\/","og_locale":"en_US","og_type":"article","og_title":"Aquafan - Duct Engineering Ltd.","og_description":"Unidades LPHW asistidas por ventilador (AQUAFAN) que hacen pasar el aire por encima de los bancos de elementos aleteados, lo que proporciona una mayor producci\u00f3n de calor y un mayor flujo de aire.","og_url":"https:\/\/ducttrench.com\/index.php\/es\/productos-y-opciones\/opciones\/aquafan-espanol\/","og_site_name":"Duct Engineering Ltd.","article_modified_time":"2022-05-22T13:45:21+00:00","twitter_card":"summary_large_image","twitter_misc":{"Est. reading time":"2 minutes"},"schema":{"@context":"https:\/\/schema.org","@graph":[{"@type":"WebSite","@id":"https:\/\/ducttrench.com\/#website","url":"https:\/\/ducttrench.com\/","name":"Duct Engineering Ltd.","description":"Trench Heating","potentialAction":[{"@type":"SearchAction","target":{"@type":"EntryPoint","urlTemplate":"https:\/\/ducttrench.com\/?s={search_term_string}"},"query-input":"required name=search_term_string"}],"inLanguage":"en-US"},{"@type":"WebPage","@id":"https:\/\/ducttrench.com\/index.php\/es\/productos-y-opciones\/opciones\/aquafan-espanol\/#webpage","url":"https:\/\/ducttrench.com\/index.php\/es\/productos-y-opciones\/opciones\/aquafan-espanol\/","name":"Aquafan - Duct Engineering Ltd.","isPartOf":{"@id":"https:\/\/ducttrench.com\/#website"},"datePublished":"2022-05-22T13:45:20+00:00","dateModified":"2022-05-22T13:45:21+00:00","description":"Unidades LPHW asistidas por ventilador (AQUAFAN) que hacen pasar el aire por encima de los bancos de elementos aleteados, lo que proporciona una mayor producci\u00f3n de calor y un mayor flujo de aire.","breadcrumb":{"@id":"https:\/\/ducttrench.com\/index.php\/es\/productos-y-opciones\/opciones\/aquafan-espanol\/#breadcrumb"},"inLanguage":"en-US","potentialAction":[{"@type":"ReadAction","target":["https:\/\/ducttrench.com\/index.php\/es\/productos-y-opciones\/opciones\/aquafan-espanol\/"]}]},{"@type":"BreadcrumbList","@id":"https:\/\/ducttrench.com\/index.php\/es\/productos-y-opciones\/opciones\/aquafan-espanol\/#breadcrumb","itemListElement":[{"@type":"ListItem","position":1,"name":"Home","item":"https:\/\/ducttrench.com\/"},{"@type":"ListItem","position":2,"name":"Productos y opciones","item":"https:\/\/ducttrench.com\/index.php\/es\/productos-y-opciones\/"},{"@type":"ListItem","position":3,"name":"Opciones","item":"https:\/\/ducttrench.com\/index.php\/es\/productos-y-opciones\/opciones\/"},{"@type":"ListItem","position":4,"name":"Aquafan"}]}]}},"_links":{"self":[{"href":"https:\/\/ducttrench.com\/index.php\/wp-json\/wp\/v2\/pages\/695","targetHints":{"allow":["GET"]}}],"collection":[{"href":"https:\/\/ducttrench.com\/index.php\/wp-json\/wp\/v2\/pages"}],"about":[{"href":"https:\/\/ducttrench.com\/index.php\/wp-json\/wp\/v2\/types\/page"}],"author":[{"embeddable":true,"href":"https:\/\/ducttrench.com\/index.php\/wp-json\/wp\/v2\/users\/1"}],"replies":[{"embeddable":true,"href":"https:\/\/ducttrench.com\/index.php\/wp-json\/wp\/v2\/comments?post=695"}],"version-history":[{"count":1,"href":"https:\/\/ducttrench.com\/index.php\/wp-json\/wp\/v2\/pages\/695\/revisions"}],"predecessor-version":[{"id":698,"href":"https:\/\/ducttrench.com\/index.php\/wp-json\/wp\/v2\/pages\/695\/revisions\/698"}],"up":[{"embeddable":true,"href":"https:\/\/ducttrench.com\/index.php\/wp-json\/wp\/v2\/pages\/692"}],"wp:attachment":[{"href":"https:\/\/ducttrench.com\/index.php\/wp-json\/wp\/v2\/media?parent=695"}],"curies":[{"name":"wp","href":"https:\/\/api.w.org\/{rel}","templated":true}]}}